 Give d(-4).
-3
Let g(m) = m**2 + 5*m - 3. Let d(z) be the second derivative of z**5/20 - z**4/4 - z**3/6 - 2*z**2 - 2*z. Let f be d(3). Let v = 3 + f. What is g(v)?
-7
Let o(a) = a**3 + 2*a**2 - 2*a + 1. Suppose 7*h - 4 = 3*h. Let s be o(h). Let v(b) = -4 - s*b - 2*b - 1 - 3*b**2 + b**3. What is v(4)?
-5
Let a(w) be the third derivative of 3*w**2 + 0*w + 0*w**4 + 0 + 1/3*w**3 - 1/24*w**5. Let s(p) be the first derivative of a(p). What is s(1)?
-5
Let d(i) = 2*i - 2. Let z be d(2). Let y(f) = f**3 - 3*f**2 + 2*f - 2. Give y(z).
-2
Let r(t) = -t - 3 + 1 + 0 + 0*t. Determine r(-4).
2
Suppose m - 20 = -5*g - 0*m, -5*m + 20 = 5*g. Let s(p) be the third derivative of 0*p - 5/24*p**g - p**2 + 1/6*p**3 + 0 + 1/60*p**5. Determine s(5).
1
Let o(c) = -11*c + 1. Let k(l) = l**3 - 5*l**2 - 6*l - 1. Let y be k(6). Let i = y - -2. Determine o(i).
-10
Let p(q) = -q**3 + q**2 + 4*q - 2. Let t be -4*(-4)/(-8) - -17. Let i = t + -12. Calculate p(i).
-8
Let p(n) = 0*n**2 - 5*n + 3*n + 1 + 9*n**2. Calculate p(1).
8
Suppose z + 3*i = 18, z + 2*i + 6 = 24. Let g be 2/(-3) - 24/z. Let k(f) = f. Let j(u) = -16*u - 2. Let o(x) = j(x) + 12*k(x). Calculate o(g).
6
Let m be (1 + -2)*(1 - 3). Suppose d + 8 - m = 0. Let l(c) = 3*c + 9. Calculate l(d).
-9
Let s(a) be the second derivative of a**8/6720 + a**7/840 + a**6/180 + a**5/40 - 2*a**4/3 - 6*a. Let m(w) be the third derivative of s(w). Calculate m(-2).
-1
Let c = -74 + 74. Let x(n) = -n**2 + n - 10. Determine x(c).
-10
Let y(d) = 2 - 4 - 2 + 3 + 2*d. Determine y(-5).
-11
Suppose -1 = k - 4*j, -2*k + j - 7 = 2. Let n(t) = 3*t**2 - 2*t + 3. Let i(f) = 8*f**2 - 7*f + 8. Let g(q) = -4*i(q) + 11*n(q). Determine g(k).
-4
Let f(m) = m**3 + 6*m**2 + 4*m + 2. Let r(k) = k**2 + k + 3. Let b be r(-4). Suppose 1 + b = 4*t. Suppose -10 - 10 = t*j. Determine f(j).
7
Let r(t) = t. Let i(j) = -7*j + 14. Let s(y) = -i(y) - 6*r(y). Calculate s(6).
-8
Let z(c) = c**3 - 7*c**2 + 5. Let d be (-2)/(((-8)/14)/2). Give z(d).
5
Let v(k) = -8*k**3 + k**2 + k - 1. Suppose 0 = 4*i - 3 - 1. Determine v(i).
-7
Let l(k) = 10*k**2 - k + 1. Suppose 6*t + 12 = 3*t + 3*g, -5*t = 4*g - 25. Give l(t).
10
Let t(o) = 19 + o**3 + 6*o**3 - 19. What is t(1)?
7
Let r(i) = i**3 + i + 1. Let q(t) = t**3 + 3*t**2 - t + 6. Let k(n) = -q(n) + 2*r(n). Calculate k(4).
24
Let z(x) = -2*x + 3 + 7 + x**2 + x - 4. Let k(y) = y**3 - 2*y**2 + y + 1. Let b be k(2). Suppose 6*i - b*i = 0. Calculate z(i).
6
Suppose -3*l + 9 = -9. Let y(z) = -z**3 + 5*z**2 + 6*z - 7. What is y(l)?
-7
Let n(q) = q**2 - 4*q - 2. Let h = 27 + -15. Suppose -5*z - 2*w + 6*w + 20 = 0, 0 = 3*z + 4*w - h. Give n(z).
-2
Let c(h) = -h**2 - 2*h. Suppose -5*i - 95 = -5*j + 10, -3*j - 5*i + 71 = 0. Let w be j/(-12) - (-5)/(-30). Calculate c(w).
0
Let u(g) = -1833*g + 4*g**2 + g**2 + 1832*g. Give u(-1).
6
Let v(f) be the second derivative of -f**4/3 + f**3/6 + f**2 + 2*f. Let a(k) = 6*k**2 + k**2 - k - 2*k**2 - 2. Let s(x) = 5*a(x) + 6*v(x). Give s(-3).
8
Let t(s) be the third derivative of -s**6/720 + s**5/40 - s**4/8 - 4*s**2. Let n(m) be the second derivative of t(m). What is n(5)?
-2
Let k = 5 - 3. Let p = k + 3. Let y(u) = 2 + 1 - p - 4*u - u**2. Calculate y(-5).
-7
Let c(l) be the third derivative of l**8/4032 - l**7/5040 + l**5/10 - 5*l**2. Let q(s) be the third derivative of c(s). Give q(1).
4
Let r(b) = -2*b**2 - 4*b. Let m be (4/1)/(-2 + 0). Let h be (m - -4)/((-4)/(-6)). Suppose 0 = -h*i + 5*o - 6 + 2, -3*i - 5 = -4*o. What is r(i)?
-6
Let t(p) = -p**2 + 1. Let l(y) = 5*y**2 + 3*y - 4. Let q(o) = -l(o) - 6*t(o). What is q(3)?
-2
Let f(a) = -a**3 + 9*a**2 - 9*a + 9. Let r be (-4)/18*3*(24 + -36). Calculate f(r).
1
Let n be (2/(-3))/((-6)/45). Let p(h) be the third derivative of h**4/24 - 2*h**2. Let i(j) = -j - 1. Let d(w) = 6*i(w) + 5*p(w). Calculate d(n).
-11
Let z(x) = x**3 + 8*x**2 - 3*x - 20. Let j be z(-8). Let f(t) = t**2 - 7*t + 4. What is f(j)?
-8
Let u = 7 - 2. Suppose 0 = -3*w - w - 40. Let h be u/w*(10 - 0). Let d(g) = g**3 + 6*g**2 + 5*g + 3. Determine d(h).
3
Let v(q) = 4*q**3 + 6*q**2 + 5*q - 5. Let o(t) = -t**2 - t + 1. Let d(j) = -6*o(j) - v(j). Determine d(1).
-4
Let p(u) = u + 1. Let a = -5 + 13. Suppose 0 = -k - k - a. Determine p(k).
-3
Let j be (-12)/(-20) + -1 + (-13)/5. Let f(z) = -2*z**2 - 3*z + 3. What is f(j)?
-6
Suppose 4*t = -24 + 4. Let x(g) = -8 - 2*g + 0*g**3 + 0*g**2 + g**3 + 2 + 5*g**2. What is x(t)?
4
Suppose -4*r - r = 0. Let j(z) = -3*z + 2*z + 1 + 1. Calculate j(r).
2
Let i(d) = -d**2 - 7*d + 8. Let x be i(-8). Let o(y) = -y**3 + 4. Determine o(x).
4
Let h(p) = -p**3 + p**2. Let u(s) = -5*s**3 + 3*s**2 + 5*s - 4. Let i(c) = 6*h(c) - u(c). Determine i(3).
-11
Let t(u) = -u + 1. Let o(d) = -7*d + 12. Let x(g) = -o(g) + 6*t(g). Give x(0).
-6
Let n(g) be the third derivative of -1/24*g**4 - 3*g**2 - 1/2*g**3 - 1/120*g**6 + 0 - 1/20*g**5 + 0*g. What is n(-3)?
0
Let t(c) = -14*c**3 + 8*c**2 + 11*c + 8. Let z(a) = 9*a**3 - 5*a**2 - 7*a - 5. Let g(u) = 5*t(u) + 8*z(u). What is g(-1)?
-1
Let y(i) = -7*i - 3. Let w(x) = 15*x + 7. Let l(n) = 4*w(n) + 9*y(n). What is l(-2)?
7
Let y = 158 - 151. Let h(a) = a**3 - 8*a**2 + 7*a + 6. Give h(y).
6
Let w = 10 + -15. Let l(t) = -t**3 - 6*t**2 - 6*t - 2. Give l(w).
3
Let y(n) = -2*n**2 + n**2 + 8*n + 16*n + 3 - 18*n. Determine y(5).
8
Suppose -x - 3 = -5. Let d be (-10)/(-4)*(x + 0). Let w(l) be the third derivative of -l**4/24 + 5*l**3/3 + 7*l**2. Calculate w(d).
5
Let v be 1/((-1)/(-1)*-1). Let w(b) be the first derivative of b**3 - b**2/2 - b + 13. What is w(v)?
3
Let i(s) = -s**3 - 5*s**2 + 7*s + 8. Let t be ((-4)/(-5))/((-12)/90). Determine i(t).
2
Let w(h) = -2*h + 1. Suppose -17 = 2*y - 5*n, -5*n + n + 12 = 0. Let l be w(y). Let a(c) = -1 - 3*c**2 - c**l - 1 + c - 3*c. Determine a(-3).
4
Let s(w) = 2*w - 4. Let k(z) = -z + 1. Let c(h) = -4*k(h) - s(h). Suppose -171 = -5*d - 181. What is c(d)?
-4
Let u(a) be the second derivative of -a**5/120 - a**4/12 - a**3 - 6*a. Let h(b) be the second derivative of u(b). What is h(-6)?
4
Suppose 18 = 3*z - 3*u - 0*u, 5*u + 14 = -3*z. Let q be 80/35 - z/7. Suppose c = -q*c. Let m(p) = p + 4. Determine m(c).
4
Let l(n) = n**2 + 6*n - 8. Let h be (-34)/(-12) + 7/42 - 10. Determine l(h).
-1
Let o(c) = -c**2 - 7*c - 5. Let t be -3 - (4/(-4) + 2). Give o(t).
7
Let v be (-50)/(-15)*(-3)/(-2). Let k(y) = -v*y + y**2 + y**2 + y**3 + 0*y**2 - 6*y**2 + 7. Calculate k(5).
7
Suppose -3*j - 9 = 0, 0 = 4*m - 7*m + 5*j. Let c(b) = -b**3 - 5*b**2 + 3*b - 4. What is c(m)?
-19
Let q = 3 - 0. Let m = 3 + -3. Let n(t) = t**2 + 2 - 4*t + 3*t + m*t**2. Give n(q).
8
Let z(t) be the first derivative of t**5/60 - t**4/12 - t**3/3 - 6. Let q(v) be the third derivative of z(v). Let w = -4 + 6. What is q(w)?
2
Suppose -3*c - 9 = 5*u, -2*u + 2*c - 16 = 2*u. Let l = -2 + 2. Let s(d) = d**2 + l*d + 3 - 2*d**2 + 0*d. Give s(u).
-6
Let o = -30 + 18. Let f = -8 - o. Let s(r) be the second derivative of r**5/20 - r**4/3 + r**3/6 - r**2 + r. Determine s(f).
2
Suppose 2*i + i = 3*o - 9, 11 = 2*o + 3*i. Let h(p) = -p**3 + 5*p**2 - 6*p + 2. Determine h(o).
-6
Let f(m) = m**2 + 10*m. Let d = 16 - 26. Determine f(d).
0
Let d be (-5 - 0)*(0 - 1). Suppose -2*z + 2*k = -12, 2*k = -z + 6*z - 18. Let i(y) = 2 + 2*y**2 + 2*y**2 - 7*y - 3*y**z. Calculate i(d).
-8
Let l(k) be the second derivative of -k**4/12 - k**3/3 - k**2/2 + 4*k. Determine l(3).
-16
Let c(f) = f**3 - 5*f**2 + 4*f - 3. Let p be (4/(2 - 0) - 0) + 0. Determine c(p).
-7
Let d = -24 - -26. Let l(i) be the third derivative of -1/6*i**3 + 0 - 1/60*i**5 - i**d + 0*i - 1/24*i**4. Calculate l(0).
-1
Let y(n) = n**2 + 6*n + 9. Let k(i) = -i**3 + 14*i**2 + 14*i + 9. Let u be k(15). Calculate y(u).
9
Let t(f) be the second derivative of f**6/720 - f**5/30 - f**4/12 - f. Let w(u) be the third derivative of t(u). Suppose -4*n + 7*n = 9. Calculate w(n).
-1
Let p(r) = r - 17. Suppose 0 = 4*x + x, -4*n + 5*x = 0. What is p(n)?
-17
Let l = 2 + -2. Let j(d) = -2 + l + 2 - 2 - 2*d. Give j(-5).
8
Let q(t) = -2*t**2 + 5*t. Let c(o) = -3*o**2 + 6*o - 3. Let d(f) = -6*f**2 + 12*f - 5. Let u(s) = 5*c(s) - 3*d(s). Let l(n) = 5*q(n) + 4*u(n). Calculate l(1).
3
Suppose 4*t - 5*r = 31, 0 = -4*r - 6 - 6. Suppose -t*n + 13 = 5. Let q(p) = p - 3. Let b(g) = 2*g - 8. Let u(s) = 4*b(s) - 11*q(s